1 - 12164361400?
-12164361401
In base 3, what is 120 - -11110020012?
11110020202
In base 10, what is -23694 - -1637?
-22057
In base 3, what is 102212 + -122221010?
-122111021
In base 4, what is 10112230 + 310?
10113200
In base 6, what is -32411 - -454?
-31513
In base 16, what is 3 + -5a605f?
-5a605c
In base 16, what is 2 - -1027274?
1027276
In base 8, what is -537610447 - 1?
-537610450
In base 14, what is 7 - -ada340?
ada347
In base 5, what is 3442012433 - -21?
3442013004
In base 14, what is b7dcc + 24?
b8012
In base 15, what is -dec - -8162?
7265
In base 4, what is -2101 + 1331122030?
1331113323
In base 7, what is -61416 + -150654?
-242403
In base 12, what is -526946 - 1a?
-526964
In base 2, what is -100001111111 - -1010110101000111?
1010010011001000
In base 11, what is -28 + -344505?
-344532
In base 6, what is -34 - 132145141?
-132145215
In base 5, what is -3000102140304 - 1?
-3000102140310
In base 3, what is -21010021210110 + -22001?
-21010022002111
In base 10, what is -9131 - -916?
-8215
In base 9, what is -126875272 + -5?
-126875277
In base 7, what is 4434352 + 12?
4434364
In base 6, what is 2145010 + -32130?
2112440
In base 13, what is 15a438 - -8?
15a443
In base 16, what is -523 - -1786?
1263
In base 6, what is 4010051142 + -2?
4010051140
In base 3, what is -100111122222 - 1012101?
-100112212100
In base 16, what is 395 + 83a5?
873a
In base 10, what is 188 - 492229?
-492041
In base 8, what is -3 + 5243333?
5243330
In base 16, what is -56b45c1 + -5?
-56b45c6
In base 15, what is 8e4c61 + 0?
8e4c61
In base 4, what is -223122310002 - -2?
-223122310000
In base 7, what is -332 - -331152?
330520
In base 10, what is 40717290 + 3?
40717293
In base 8, what is -447032755 - -2?
-447032753
In base 12, what is -155 - -4ba62?
4b909
In base 16, what is -7 - -3eae?
3ea7
In base 9, what is -207 + -188648?
-188856
In base 15, what is -4 + -8a186?
-8a18a
In base 5, what is 102421 - -1203001?
1310422
In base 6, what is -1 - -133445402?
133445401
In base 11, what is -24aa + 62984?
60485
In base 2, what is -110 - 10000110011010001010?
-10000110011010010000
In base 3, what is 2012211201 - -121011?
2020102212
In base 5, what is -23204412 - -4?
-23204403
In base 7, what is 40210 + 2555?
43065
In base 12, what is -5 - -14aa9b1?
14aa9a8
In base 3, what is -221102121112002 + 1?
-221102121112001
In base 13, what is 5 - -b3658?
b3660
In base 12, what is -123 - -6a921?
6a7ba
In base 16, what is 26 - 12730d?
-1272e7
In base 12, what is 590 + -2224b?
-2187b
In base 7, what is 11 - -5006120?
5006131
In base 5, what is -34104134 - -104233?
-33444401
In base 11, what is 196a2a6 - -1?
196a2a7
In base 2, what is -110 + 110100100010100111111001?
110100100010100111110011
In base 3, what is 10122120001101222 + 2?
10122120001102001
In base 7, what is -3130044643 + -3?
-3130044646
In base 7, what is -2 + 221201?
221166
In base 12, what is -48 - 46a78a?
-46a816
In base 3, what is 1100112112101 - 1022?
1100112111002
In base 2, what is -10 + 10011000111001110111110?
10011000111001110111100
In base 7, what is 2052 + 12415?
14500
In base 16, what is -10 + 109cbf8?
109cbe8
In base 8, what is 4475045 - -122?
4475167
In base 15, what is -4c7ad5 + a6?
-4c7a2e
In base 16, what is -4b + 5c7f?
5c34
In base 8, what is 740 + 6035125?
6036065
In base 3, what is -221200012212 - 2211?
-221200022200
In base 14, what is 5270b2d - -11?
5270b40
In base 8, what is 40533234 - 3?
40533231
In base 11, what is -19 + -293598?
-293606
In base 7, what is 201223 - -122413?
323636
In base 8, what is 675504 + 24?
675530
In base 6, what is -5200034224 - 5?
-5200034233
In base 5, what is 1220 - 4334432?
-4333212
In base 10, what is -41 - 8390928?
-8390969
In base 14, what is 392d + 532?
4061
In base 15, what is 13e1 - -516?
1907
In base 15, what is -3 - 191a6ba1?
-191a6ba4
In base 2, what is -100011011010101111101 + 1?
-100011011010101111100
In base 8, what is -330255 - 4564?
-335041
In base 4, what is -210 - -1032313233?
1032313023
In base 8, what is 61670 - 633?
61035
In base 9, what is -2223 + -3841?
-6164
In base 8, what is -2711 - -275126?
272215
In base 6, what is -1 - 1514300155?
-1514300200
In base 4, what is -321231 + -21232?
-1003123
In base 14, what is 12100 - 32?
120ac
In base 3, what is 110110022200012 + 2?
110110022200021
In base 3, what is 221022112121112100 + 11?
221022112121112111
In base 3, what is 101100021210200211 + -100?
101100021210200111
In base 6, what is -302522 - 1025?
-303551
In base 11, what is -210aaa47 - 5?
-210aaa51
In base 10, what is 29480 - -433?
29913
In base 3, what is 12222221121111 - 0?
12222221121111
In base 7, what is 30 - -425211?
425241
In base 4, what is 3320230133 + 1101?
3320231300
In base 8, what is -1 + 213610?
213607
In base 13, what is 3a9b - -144?
3c12
In base 12, what is 3 - -718b386?
718b389
In base 3, what is 1 - 1012110112011001?
-1012110112011000
In base 3, what is -1010021111111022 + 1010?
-1010021111110012
In base 4, what is 10 + -102300332333?
-102300332323
In base 9, what is 3631 - -57072?
61713
In base 8, what is -1156306 + -116?
-1156424
In base 15, what is 148c2 + -6cb?
141e6
In base 8, what is -257 - 1572007?
-1572266
In base 13, what is 56c927 + 1?
56c928
In base 13, what is 14355a6 + -3?
14355a3
In base 11, what is 69733 - 67?
69677
In base 7, what is -34412503 - -15?
-34412455
In base 4, what is 30 + 1003130302203?
1003130302233
In base 15, what is -3 + 73aa9a?
73aa97
In base 6, what is -11302 + -3250100?
-3301402
In base 13, what is 34615b81b + 5?
34615b823
In base 13, what is -2214400 - 48?
-2214448
In base 15, what is -7e + 22e7c?
22ded
In base 14, what is 500 - a574?
-a074
In base 10, what is -124 + 591392?
591268
In base 16, what is 283f175 + -15?
283f160
In base 7, what is -5 + -6511335224?
-6511335232
In base 3, what is -1101 - -12102000?
12100122
In base 10, what is -8492659 + -26?
-8492685
In base 12, what is -520b865 + 3?
-520b862
In base 14, what is 5 + 373918?
37391d
In base 8, what is -233 + -205450?
-205703
In base 3, what is -1020002 - 200000121?
-201020200
In base 7, what is 3 + -215003353?
-215003350
In base 12, what is 24 - 9642?
-961a
In base 7, what is -6 - 3436120225?
-3436120234
In base 6, what is 1252112 - -135132?
1431244
In base 15, what is 1dd4 + -2bcc?
-ce8
In base 5, what is -14110343 - -131?
-14110212
In base 8, what is 33256625 + 30?
33256655
In base 11, what is -15638398 - 4?
-156383a1
In base 15, what is 2 + -1e9c497?
-1e9c495
In base 15, what is -1c955 - 900?
-1d355
In base 4, what is -2132 - -100302313?
100300121
In base 5, what is -331310 - -2031221?
1144411
In base 15, what is -18 + -12b4c9?
-12b4e2
In base 4, what is -3003031 + -20003?
-3023100
In base 10, what is -55161 - 2835?
-57996
In base 12, what is 2273a8a7 - -1?
2273a8a8
In base 6, what is -5234 + 121412?
112134
In base 10, what is -3900421 - 3?
-3900424
In base 15, what is -149be + -646?
-15115
In base 10, what is -59951681 - -3?
-59951678
In base 15, what is -4 - -1270570?
127056b
In base 16, what is 442 - -ef82?
f3c4
In base 15, what is 88e2d + 2a?
88e58
In base 6, what is 1 + 231514443?
231514444
In base 4, what is 2 + 2032233200?
2032233202
In base 16, what is -40f + 165e?
124f
In base 2, what is -101 - -1000111011111101000001?
1000111011111100111100
In base 14, what is -261 - -6cb9?
6a58
In base 16, what is -db + 462f9?
4621e
In base 2, what is -100 + 1010100100101000111110?
1010100100101000111010
In base 6, what is 504 + -1011120?
-1010212
In base 9, what is -21107 - 15768?
-36876
In base 15, what is -2 + 87022c?
87022a
In base 11, what is 1889a6567 - 2?
1889a6565
In base 11, what is 23 + -643755?
-643732
In base 8, what is -46 - -7141076?
7141030
In base 2, what is -110111010000101110110010001 + 11?
-110111010000101110110001110
In base 6, what is -11425 - -350345?
334520
In base 10, what is 6943 - -870?
7813
In base 10, what is 412 - 29082?
-28670
In base 15, what is -20862 + -c6d?
-215d0
In base 14, what is -115 + 33d5d?
33c48
In base 7, what is -3 + -301643541?
-301643544
In base 15, what is -62 - -2dbd?
2d5b
In base 11, what is 788 - -270823?
271500
In base 14, what is -9c26c - 5?
-9c273
In base 8, what is -46466664 - -3?
-46466661
In base 9, what is 1360068887 + -4?
1360068883
In base 5, what is -10 + -1044423423?
-1044423433
In base 2, 